 of 2091?
3, 17, 41
List the prime factors of 1219.
23, 53
List the prime factors of 33893.
33893
What are the prime factors of 82925?
5, 31, 107
What are the prime factors of 29925?
3, 5, 7, 19
What are the prime factors of 621?
3, 23
List the prime factors of 64.
2
List the prime factors of 2626.
2, 13, 101
What are the prime factors of 100?
2, 5
What are the prime factors of 13894?
2, 6947
What are the prime factors of 21402?
2, 3, 29, 41
What are the prime factors of 4370?
2, 5, 19, 23
What are the prime factors of 109563?
3, 59, 619
What are the prime factors of 9810?
2, 3, 5, 109
List the prime factors of 368.
2, 23
List the prime factors of 316.
2, 79
List the prime factors of 1814.
2, 907
What are the prime factors of 93048?
2, 3, 3877
What are the prime factors of 5431?
5431
What are the prime factors of 1217?
1217
List the prime factors of 251.
251
What are the prime factors of 1540?
2, 5, 7, 11
What are the prime factors of 8327?
11, 757
What are the prime factors of 3038?
2, 7, 31
What are the prime factors of 1282?
2, 641
List the prime factors of 2185.
5, 19, 23
What are the prime factors of 1126?
2, 563
What are the prime factors of 5031?
3, 13, 43
What are the prime factors of 2000?
2, 5
What are the prime factors of 1130?
2, 5, 113
What are the prime factors of 1276?
2, 11, 29
What are the prime factors of 2975?
5, 7, 17
List the prime factors of 3226.
2, 1613
What are the prime factors of 6888?
2, 3, 7, 41
What are the prime factors of 6861?
3, 2287
What are the prime factors of 13181?
7, 269
List the prime factors of 9296.
2, 7, 83
What are the prime factors of 2456?
2, 307
What are the prime factors of 655?
5, 131
List the prime factors of 10284.
2, 3, 857
List the prime factors of 85.
5, 17
List the prime factors of 12349.
53, 233
What are the prime factors of 14441?
7, 2063
List the prime factors of 49087.
191, 257
List the prime factors of 23.
23
What are the prime factors of 7439?
43, 173
What are the prime factors of 245?
5, 7
What are the prime factors of 807?
3, 269
What are the prime factors of 14734?
2, 53, 139
List the prime factors of 23077.
47, 491
What are the prime factors of 17229?
3, 5743
List the prime factors of 231.
3, 7, 11
List the prime factors of 3588.
2, 3, 13, 23
What are the prime factors of 469?
7, 67
What are the prime factors of 3651?
3, 1217
What are the prime factors of 22176?
2, 3, 7, 11
List the prime factors of 239.
239
What are the prime factors of 1195?
5, 239
What are the prime factors of 6122?
2, 3061
What are the prime factors of 407?
11, 37
What are the prime factors of 47824?
2, 7, 61
List the prime factors of 7005.
3, 5, 467
List the prime factors of 11435.
5, 2287
List the prime factors of 341.
11, 31
List the prime factors of 15921.
3, 29, 61
List the prime factors of 48329.
31, 1559
What are the prime factors of 844?
2, 211
What are the prime factors of 30928?
2, 1933
List the prime factors of 7436.
2, 11, 13
List the prime factors of 57487.
57487
What are the prime factors of 6730?
2, 5, 673
What are the prime factors of 949?
13, 73
What are the prime factors of 1208?
2, 151
List the prime factors of 113435.
5, 7, 463
What are the prime factors of 296?
2, 37
What are the prime factors of 4402?
2, 31, 71
What are the prime factors of 328?
2, 41
List the prime factors of 5691.
3, 7, 271
What are the prime factors of 46226?
2, 29, 797
List the prime factors of 7586.
2, 3793
List the prime factors of 7709.
13, 593
What are the prime factors of 2101?
11, 191
What are the prime factors of 1937?
13, 149
List the prime factors of 2552.
2, 11, 29
What are the prime factors of 3876?
2, 3, 17, 19
List the prime factors of 39272.
2, 4909
What are the prime factors of 19559?
19559
List the prime factors of 8403.
3, 2801
List the prime factors of 305.
5, 61
What are the prime factors of 7897?
53, 149
What are the prime factors of 53278?
2, 17, 1567
What are the prime factors of 8968?
2, 19, 59
What are the prime factors of 1451?
1451
List the prime factors of 19286.
2, 9643
List the prime factors of 25876.
2, 6469
What are the prime factors of 19376?
2, 7, 173
List the prime factors of 30251.
13, 179
List the prime factors of 1375.
5, 11
List the prime factors of 13968.
2, 3, 97
What are the prime factors of 6795?
3, 5, 151
List the prime factors of 4979.
13, 383
List the prime factors of 1788.
2, 3, 149
List the prime factors of 40.
2, 5
List the prime factors of 1719.
3, 191
List the prime factors of 11895.
3, 5, 13, 61
What are the prime factors of 59785?
5, 11, 1087
List the prime factors of 16598.
2, 43, 193
What are the prime factors of 5173?
7, 739
What are the prime factors of 297?
3, 11
List the prime factors of 2159.
17, 127
What are the prime factors of 617?
617
List the prime factors of 3590.
2, 5, 359
List the prime factors of 72441.
3, 2683
List the prime factors of 94706.
2, 47353
List the prime factors of 174377.
7, 29, 859
What are the prime factors of 35363?
35363
What are the prime factors of 10021?
11, 911
List the prime factors of 12861.
3, 1429
List the prime factors of 40970.
2, 5, 17, 241
List the prime factors of 52061.
79, 659
What are the prime factors of 27044?
2, 6761
What are the prime factors of 154?
2, 7, 11
List the prime factors of 173.
173
What are the prime factors of 6459?
3, 2153
What are the prime factors of 7934?
2, 3967
List the prime factors of 115.
5, 23
List the prime factors of 597.
3, 199
List the prime factors of 3220.
2, 5, 7, 23
List the prime factors of 40230.
2, 3, 5, 149
What are the prime factors of 1662?
2, 3, 277
List the prime factors of 31720.
2, 5, 13, 61
What are the prime factors of 4142?
2, 19, 109
What are the prime factors of 12530?
2, 5, 7, 179
What are the prime factors of 2628?
2, 3, 73
What are the prime factors of 4463?
4463
What are the prime factors of 1467?
3, 163
List the prime factors of 1421.
7, 29
What are the prime factors of 6171?
3, 11, 17
List the prime factors of 73532.
2, 31, 593
List the prime factors of 1860.
2, 3, 5, 31
What are the prime factors of 4254?
2, 3, 709
List the prime factors of 70671.
3, 23557
List the prime factors of 7080.
2, 3, 5, 59
List the prime factors of 2290.
2, 5, 229
List the prime factors of 123794.
2, 11, 17, 331
List the prime factors of 17939.
17939
What are the prime factors of 1526?
2, 7, 109
List the prime factors of 128613.
3, 43, 997
What are the prime factors of 87926?
2, 43963
What are the prime factors of 123?
3, 41
List the prime factors of 324.
2, 3
What are the prime factors of 1005?
3, 5, 67
What are the prime factors of 923?
13, 71
What are the prime factors of 19340?
2, 5, 967
What are the prime factors of 3492?
2, 3, 97
What are the prime factors of 80791?
173, 467
List the prime factors of 133507.
11, 53, 229
List the prime factors of 6173.
6173
What are the prime factors of 9994?
2, 19, 263
List the prime factors of 18159.
3, 6053
What are the prime factors of 3085?
5, 617
List the prime factors of 1311.
3, 19, 23
List the prime factors of 4392.
2, 3, 61
List the prime factors of 1659.
3, 7, 79
List the prime factors of 2380.
2, 5, 7, 17
List the prime factors of 7371.
3, 7, 13
What are the prime factors of 3630?
2, 3, 5, 11
What are the prime factors of 374?
2, 11, 17
List the prime factors of 89403.
3, 17, 1753
What are the prime factors of 44649?
3, 11, 41
What are the prime factors of 125520?
2, 3, 5, 523
List the prime factors of 25756.
2, 47, 137
What are the prime factors of 53633?
53633
What are the prime factors of 89?
89
List the prime factors of 4715.
5, 23, 41
List the prime factors of 472.
2, 59
What are the prime factors of 1176?
2, 3, 7
List the prime factors of 36910.
2, 5, 3691
What are the prime factors of 393?
3, 131
What are the prime factors of 26765?
5, 53, 101
What are the prime factors of 7?
7
List the prime factors of 1179.
3, 131
List the prime factors of 7575.
3, 5, 101
List the prime factors of 3770.
2, 5, 13, 29
What are the prime factors of 128073?
3, 11, 3881
List the prime factors of 96539.
19, 5081
List the prime factors of 23795.
5, 4759
What are the prime factors of 6832?
2, 7, 61
List the prime factors of 68872.
2, 8609
List the prime factors of 284.
2, 71
What are the prime factors of 5021?
5021
What are the prime factors of